(m/60)*2/6. Let j be (s + (-91)/(-21))/(4/(-54)). Let y(f) = -f**3 + 10*f**2 - 11*f + 13. Give y(j).
-5
Let m(l) = -32*l + 21 + 30 - 18*l**2 + l**3 + 10*l. Let j be m(19). Let r(y) = -y**2 - y + 7. Calculate r(j).
-23
Let j(t) be the second derivative of t**4/12 + 4*t**3/3 + 7*t**2/2 - 1223*t. Give j(-9).
16
Let f(p) = 6*p**2 - 2*p**3 + 0 + 3*p**3 - 5. Suppose 171 = 19*o + 266. Give f(o).
20
Let u(h) = -h**2 + 7*h - 19. Let a = -7938 - -7946. Determine u(a).
-27
Let x be ((-25)/10 + 2)/(2/(-24)). Suppose -x*g + 16 = -8. Let i(k) = -1 + g*k**3 + k**3 + 4*k**3 - 10*k**3 + 2*k. What is i(-2)?
3
Let i(d) be the second derivative of 0 - d - 7/12*d**4 + 7/6*d**3 + d**2 - 1/20*d**5. Let a be -1 + (-56)/(-14) - 66/6. Determine i(a).
10
Suppose 0 = 5*b - u - 5, 26 = 3*b - 8*u + 12*u. Let a(v) = -v**b + 2*v**2 + 1921 - 1928. Let t(p) = p. Let c(f) = a(f) + 6*t(f). Determine c(-7).
0
Let f(o) be the first derivative of o**5/120 + o**4/8 - 62*o**3/3 + 35. Let k(d) be the third derivative of f(d). Calculate k(-10).
-7
Let w(r) = -24*r - 664. Let o be w(-28). Let m(t) be the third derivative of 0*t - 3*t**2 + 0 - 1/60*t**5 - 5/6*t**3 + 3/8*t**4. Calculate m(o).
3
Let h(z) = -4*z**3 + 18*z**2 - 2*z - 4. Let s(o) = -5*o**3 + 23*o**2 - 2*o - 3. Let b(k) = 6*h(k) - 5*s(k). Determine b(6).
-57
Let i(j) = -115*j - 39. Let o be i(-3). Let k = -295 + o. Let x(c) = -3*c + 9. Determine x(k).
-24
Let s = -8627 - -8627. Let w(a) = -a - 39. What is w(s)?
-39
Let t(q) = -2*q**2 + 18*q - 25. Let n = -4539 + 4545. Give t(n).
11
Let z(m) be the second derivative of 3*m**5/20 + 19*m**4/12 + 11*m**3/6 + 12*m**2 + m + 5. Let w(x) = x**3 - 2*x. Let o(q) = -4*w(q) + z(q). Determine o(20).
4
Let p(u) be the third derivative of -u**5/30 - 7*u**4/6 - 49*u**3/3 - 5*u**2 - 6. Let x be p(-5). Let g(m) = -m - 4. Give g(x).
4
Let a(w) = -w**2 - 2*w**2 + 27141791 - 27141790. Give a(-3).
-26
Let l(i) = 12072*i**2 - 24105*i**2 - 12 + 12032*i**2 + 12*i. Suppose h - 2 - 4 = 0. Let j = h + 4. What is l(j)?
8
Let u(i) = 0*i**2 - 4*i**2 + 1 + 5*i**2 - 6. Let s = 2300 + -2300. What is u(s)?
-5
Let n(p) = 28*p**3 + 4*p - 8. Let t(w) = -55*w**3 - 6*w + 13. Let x(o) = -5*n(o) - 3*t(o). What is x(1)?
24
Let q(f) = -f**2 - 2*f - 1. Let s(j) = j + 5. Let t(c) = -c. Suppose -13*k = -2*k - 33. Let z(y) = k*s(y) + 12*t(y). Let d be z(2). What is q(d)?
-4
Let x(f) = f**3 - 9*f**2 + 7*f - 13. Let y(w) = w - 15. Let a be y(23). Give x(a).
-21
Let r(o) be the first derivative of -o**5/20 + o**3/6 + 3*o**2 + 191*o - 97. Let a(v) be the first derivative of r(v). Determine a(0).
6
Let v(f) = 3*f**2 + 20*f - 10. Let o(a) = a**2 + 7*a - 3. Let m(s) = -8*o(s) + 3*v(s). Let t be m(-7). Let w = t - 18. Let n(y) = -3*y + 1. Determine n(w).
10
Let s(r) = r**3 - 4 - 12841*r**2 + 3*r - 6*r + 7*r + 12832*r**2 + 0. Calculate s(8).
-36
Let r(l) = -2*l - 11. Let d(i) = 4*i + 23. Let u(n) = 6*d(n) + 13*r(n). Suppose -64 = 18*h + 62. Determine u(h).
9
Let m(c) = -11*c**3 + 3*c**3 - 14*c**3 - 2 - c - 2*c**2 + 21*c**3. Let k(t) = 2*t**3 + 14*t**2 + 14*t + 28. Let y(b) = -k(b) - m(b). Give y(-11).
-4
Suppose -218*w - 141*w - 2144 = -91*w. Let o(a) = -a**3 - 6*a**2 + 10*a - 63. What is o(w)?
-15
Let y(z) = 465*z + 81. Let w(x) = 251*x + 40. Let s(l) = 11*w(l) - 6*y(l). Give s(-4).
70
Suppose -3*g = 2*g - 3*r + 787, -r - 1 = 0. Let m = g + 160. Let w(a) be the third derivative of -a**4/24 + a**3/3 - 7*a**2. Determine w(m).
0
Let h be (3 - 62/6)*9/(-6). Let i(b) be the second derivative of b**5/20 - 5*b**4/6 - 2*b**3 + 9*b**2/2 + 105*b. What is i(h)?
-2
Let q(v) be the third derivative of 0 + v**2 + 76*v + 1/60*v**5 + 10/3*v**3 + 1/2*v**4. Determine q(-11).
9
Let v(y) = -2*y + 13. Let c(d) = -d**3 + 3*d**2 + 5*d - 3. Let a be c(3). Suppose a = -4*g, -g - 21 = -7*t + 5*t. Determine v(t).
-5
Let x = -518 - -520. Let f(v) = 17*v**2 + v**2 + x - 14*v**2. Determine f(-2).
18
Let b(h) = -2*h + 2. Let g be b(-4). Let f(v) be the third derivative of -v**5/60 + 13*v**4/24 - 25*v**3/6 + 2*v**2 - 1114*v - 6. Give f(g).
5
Suppose -4*w - 3 = -u, 2 - 8 = 5*w - 2*u. Suppose 2*l + 2*l - 4*x - 36 = w, -4*x = 3*l - 20. Suppose -8*m - l - 24 = 0. Let d(n) = 2*n**2 + 2*n - 2. Give d(m).
22
Suppose -60*k - 186 + 95 = -631. Let n(j) = j**3 - 10*j**2 + 11*j - 9. Calculate n(k).
9
Let p(z) = -z + 9. Let u(y) = 2*y + 26. Let w be u(16). Suppose 3*r = -5*c - w - 85, c + 151 = -3*r. Let o = r - -56. Give p(o).
4
Let o = -30 + 36. Let k = o + -4. Suppose -8 = k*u - 0. Let j(c) = c**2 + 2*c - 3. Determine j(u).
5
Let t be (2 - 1)*-5 - -19. Let c(a) = -3 + t*a - 5*a**2 - 4*a + 0*a**2 + 6*a**2. What is c(-10)?
-3
Let s(n) be the third derivative of 3*n**4/8 + n**3/3 + n**2 - 2816. Calculate s(-1).
-7
Let g(r) = 11 + 9 + 13 + 2*r + 21 - 71. Determine g(9).
1
Let m = -137 + 147. Let r be 5*(4 + (-14)/m) + -2. Let z(f) = -f**3 + 12*f**2 - 9*f - 9. Give z(r).
13
Let m(f) be the third derivative of -f**4/8 - 3*f**3/2 - f**2 + 62. Suppose -9 = -5*w + 2*w. Let g(j) = -j**2 + 3. Let o be g(w). Calculate m(o).
9
Let o(w) = 8*w + 72. Let l(x) = 2*x + 4. Let y(c) = 24*l(c) - o(c). Calculate y(0).
24
Suppose -4*k + 5*d = -12, -4*d = k - 2*d - 3. Let m(p) = -12 - 249816*p + 8 + 249818*p - p**2. What is m(k)?
-7
Let p(s) = -14*s + 4. Let z be (-135)/15 + (-2 - -12). Give p(z).
-10
Suppose 17 = -5*r - i + 116, 3*r - 61 = -i. Suppose 17*m + 6 = r*m. Let b be (0 + m)*4/(-6). Let w(v) = v**3 + v**2 - 2. Calculate w(b).
-6
Let i = 398 - 177. Suppose 2*w - 15*w = i. Let o = 20 + w. Let z(p) = 2*p + 2. Give z(o).
8
Let u(q) = q**3 - q**2. Let v(o) = o**2 - 15*o + 2. Suppose -5*t - 5*z = -3*t - 30, -2*t = 4*z - 30. Let j be v(t). Suppose 6*m - 8 = j*m. What is u(m)?
4
Let q(t) be the third derivative of t**6/120 + t**5/12 - t**4/4 + 7*t**3/6 + 7*t**2. Suppose -18*m + 310 = -13*m. Let z = -68 + m. Determine q(z).
7
Let q be (-2728)/40 + (-9)/5 + 2. Let m = -67 - q. Let i(u) = -u**3 - u. Give i(m).
-2
Let p = -32 + 49. Let n = 19 - p. Let j(w) = -1 - 3*w + 4 - 5 - 1 + w**n. Calculate j(5).
7
Let v(a) = a**3 - 2*a**2 - a + 6. Suppose -29*h + 34*h + 15 = 3*m, 3*h + 9 = 2*m. Determine v(h).
-36
Let r(w) be the third derivative of 5*w**4/24 + w**3/6 + 1242*w**2. What is r(-1)?
-4
Let x(r) = -2*r**3 - r**2 + 1. Let u be x(-1). Suppose 0 = 3*y - w - 7, 4*w - 3*w = -1. Let i(n) = y*n**2 + 0*n**u + 3 + n - n**2. What is i(4)?
23
Let b(x) = 17*x - 52. Let c(i) = 24*i - 645. Let u be c(27). Determine b(u).
-1
Suppose -19*v + 16*v + 144 = 0. Let k = -41 + v. Let o(l) = 3 - 2*l + 0*l + 8*l - k*l. What is o(5)?
-2
Suppose 0 = -b + 3*b - 5*j - 37, 4*j = 5*b - 84. Suppose -b = -n + 5*n, 0 = -4*f + 4*n + 64. Let y = 15 - f. Let g(a) = a**2 - 4*a. Give g(y).
-3
Let j = -4 + -14. Let y be (-68)/j - -2 - 26/(-117). Suppose 5*d + y = -4. Let s(t) = 7*t + 3. What is s(d)?
-11
Let n(l) = 1531 - 15*l + 1481 + l**2 + 0*l**2 - 3048. Calculate n(17).
-2
Let q(y) = 16*y**3 + 11*y**2 + 11*y + 25. Let i(v) = -5*v**3 - 3*v**2 - 4*v - 8. Let t(j) = -19*i(j) - 6*q(j). Let m be 2/7 + 432/(-42). Calculate t(m).
2
Let l = -174 + 174. Let h(j) = -27299*j - 4 + 27296*j + 2. Give h(l).
-2
Let m(t) be the first derivative of 420 + 4*t - 2*t**3 - 4*t**2 + 1/4*t**4. Let o(u) = u**2 + 6*u + 7. Let a be o(-6). Give m(a).
-3
Let c(u) be the first derivative of 2 - 1/2*u**2 + 5*u. Let p = 32452 - 32446. What is c(p)?
-1
Let f be ((-18)/5)/((-462)/90 - -5). Suppose f*k - 54*k = -162. Let i(q) be the third derivative of -q**5/60 + 7*q**4/24 - 7*q**3/6 + q**2. Determine i(k).
-1
Let b(l) be the second derivative of l**4/6 - 2*l**3 - 2*l**2 - 658*l. Determine b(7).
10
Let w be 3/9 + -1 - (-180)/27. Let p(n) = n**2 - 3*n + 9. Let c(x) = 1. Let y(o) = w*c(o) - p(o). Let s = 2 - 0. What is y(s)?
-1
Suppose 48 = 4*h - 2*h - 8*x, 2*h + 4*x = 12. Let o(d) = -2*d - 9. Determine o(h).
-33
Let d(g) be the third derivative of -5*g**4/24 - 13*g**3/6 - 2291*g**2. Suppose -10 = -5*p, -4 = -4*q - 2*p - 16. Calculate d(q).
7
Let d(r) = -3*r**2 + 8*r + 17. Let t(g) = 5*g**2 - 12*g - 26. Let y(x) = 8*d(x) + 5*t(x). Give y(-4).
6
Suppose 4*x - 4*o = 60, 0 = 4*x - 2*o - 61 + 11. Let h(k) = 2*k**2 - 30*k + 96. Give h(x).
-4
Let l be (0 - 1)/(2*20/560). Let x(j) = -j**2 - 16*j - 16. Give x(l).
12
Let c(y) = 4*y**2 + 26*y - 10. Let f be c(-7). Let g(